e remainder when 2327161 is divided by 14.
11
What is the remainder when 2769354 is divided by 145?
144
Calculate the remainder when 129836 is divided by 6.
2
Calculate the remainder when 12043 is divided by 1182.
223
Calculate the remainder when 1992 is divided by 684.
624
What is the remainder when 23680 is divided by 2935?
200
What is the remainder when 10933 is divided by 1807?
91
What is the remainder when 93155 is divided by 24?
11
What is the remainder when 57967 is divided by 287?
280
What is the remainder when 4437 is divided by 6?
3
Calculate the remainder when 83654 is divided by 138.
26
What is the remainder when 877 is divided by 382?
113
What is the remainder when 64805 is divided by 600?
5
Calculate the remainder when 4060 is divided by 107.
101
Calculate the remainder when 365504 is divided by 177.
176
Calculate the remainder when 5114 is divided by 43.
40
Calculate the remainder when 36582 is divided by 26.
0
What is the remainder when 169 is divided by 138?
31
What is the remainder when 4997 is divided by 22?
3
What is the remainder when 1184 is divided by 242?
216
Calculate the remainder when 5624 is divided by 84.
80
What is the remainder when 65528 is divided by 10?
8
Calculate the remainder when 55537 is divided by 5550.
37
What is the remainder when 1429 is divided by 68?
1
What is the remainder when 912023 is divided by 456007?
9
What is the remainder when 22082 is divided by 362?
0
Calculate the remainder when 366337 is divided by 5018.
23
What is the remainder when 119807 is divided by 312?
311
Calculate the remainder when 15352 is divided by 7132.
1088
Calculate the remainder when 120168 is divided by 60.
48
Calculate the remainder when 201338 is divided by 40256.
58
What is the remainder when 71407 is divided by 1487?
31
Calculate the remainder when 793341 is divided by 188.
169
Calculate the remainder when 10090 is divided by 58.
56
What is the remainder when 1445 is divided by 466?
47
Calculate the remainder when 126437 is divided by 128.
101
What is the remainder when 11544 is divided by 1277?
51
What is the remainder when 7413 is divided by 214?
137
What is the remainder when 97309 is divided by 19461?
4
What is the remainder when 15436 is divided by 297?
289
What is the remainder when 1795391 is divided by 897688?
15
What is the remainder when 101327 is divided by 25331?
3
Calculate the remainder when 75611 is divided by 3024.
11
What is the remainder when 16604 is divided by 2726?
248
Calculate the remainder when 86719 is divided by 104.
87
Calculate the remainder when 46799 is divided by 46798.
1
What is the remainder when 116762 is divided by 121?
118
What is the remainder when 143238 is divided by 17904?
6
Calculate the remainder when 217864 is divided by 72618.
10
What is the remainder when 8089 is divided by 818?
727
What is the remainder when 24689 is divided by 12?
5
Calculate the remainder when 1410 is divided by 240.
210
Calculate the remainder when 3660 is divided by 1802.
56
What is the remainder when 12254 is divided by 7?
4
Calculate the remainder when 4833 is divided by 31.
28
Calculate the remainder when 1895475 is divided by 92.
91
What is the remainder when 20778 is divided by 6901?
75
Calculate the remainder when 24836 is divided by 65.
6
Calculate the remainder when 2841 is divided by 109.
7
What is the remainder when 85232 is divided by 81?
20
What is the remainder when 128943 is divided by 32232?
15
Calculate the remainder when 5516 is divided by 461.
445
What is the remainder when 6480 is divided by 103?
94
What is the remainder when 3007 is divided by 14?
11
Calculate the remainder when 1095669 is divided by 10052.
1
Calculate the remainder when 4885100 is divided by 24.
20
What is the remainder when 983 is divided by 815?
168
What is the remainder when 97068 is divided by 148?
128
What is the remainder when 5088815 is divided by 14?
11
What is the remainder when 5092 is divided by 203?
17
What is the remainder when 1310 is divided by 552?
206
What is the remainder when 54613 is divided by 55?
53
Calculate the remainder when 118521 is divided by 249.
246
What is the remainder when 640 is divided by 267?
106
What is the remainder when 51130 is divided by 115?
70
Calculate the remainder when 349131 is divided by 4.
3
Calculate the remainder when 3795 is divided by 152.
147
What is the remainder when 1208337 is divided by 45?
42
Calculate the remainder when 3792 is divided by 756.
12
Calculate the remainder when 61131 is divided by 31.
30
Calculate the remainder when 3209 is divided by 82.
11
What is the remainder when 769 is divided by 264?
241
What is the remainder when 122909 is divided by 6828?
5
Calculate the remainder when 76942 is divided by 12.
10
Calculate the remainder when 88847 is divided by 259.
10
Calculate the remainder when 2253 is divided by 362.
81
What is the remainder when 1134 is divided by 33?
12
What is the remainder when 56949 is divided by 14222?
61
Calculate the remainder when 312 is divided by 205.
107
Calculate the remainder when 14498 is divided by 33.
11
What is the remainder when 4468 is divided by 590?
338
Calculate the remainder when 248991 is divided by 261.
258
Calculate the remainder when 6829 is divided by 3410.
9
What is the remainder when 19213 is divided by 408?
37
Calculate the remainder when 133194 is divided by 85.
84
What is the remainder when 6229 is divided by 1898?
535
Calculate the remainder when 5132 is divided by 273.
218
What is the remainder when 60034 is divided by 10?
4
Calculate the remainder when 331991 is divided by 2699.
14
Calculate the remainder when 684762 is divided by 394.
384
What is the remainder when 1931 is divided by 322?
321
Calculate the remainder when 9580 is divided by 1899.
85
Calculate the remainder when 7167 is divided by 44.
39
What is the remainder when 495 is divided by 174?
147
What is the remainder when 38887 is divided by 4855?
47
What is the remainder when 2777 is divided by 666?
113
Calculate the remainder when 246631 is divided by 41103.
13
What is the remainder when 75040 is divided by 59?
51
What is the remainder when 103345 is divided by 26?
21
What is the remainder when 352120 is divided by 176056?
8
What is the remainder when 2026002 is divided by 49?
48
Calculate the remainder when 9189 is divided by 452.
149
What is the remainder when 79 is divided by 33?
13
Calculate the remainder when 7446 is divided by 2415.
201
What is the remainder when 13164 is divided by 13097?
67
Calculate the remainder when 221024 is divided by 105.
104
What is the remainder when 19365 is divided by 1479?
138
What is the remainder when 1613 is divided by 412?
377
What is the remainder when 10705 is divided by 2671?
21
What is the remainder when 73932 is divided by 45?
42
Calculate the remainder when 33667 is divided by 3731.
88
What is the remainder when 45607 is divided by 18?
13
What is the remainder when 8365886 is divided by 1951?
1949
Calculate the remainder when 356353 is divided by 356.
353
Calculate the remainder when 5820 is divided by 151.
82
Calculate the remainder when 17869 is divided by 21.
19
What is the remainder when 23990 is divided by 82?
46
What is the remainder when 161319 is divided by 42?
39
Calculate the remainder when 4517 is divided by 24.
5
What is the remainder when 9642 is divided by 1202?
26
Calculate the remainder when 2588 is divided by 1175.
238
What is the remainder when 124209 is divided by 557?
555
Calculate the remainder when 581129 is divided by 149.
29
Calculate the remainder when 19777 is divided by 112.
65
Calculate the remainder when 504270 is divided by 8.
6
Calculate the remainder when 6131 is divided by 688.
627
Calculate the remainder when 4009 is divided by 19.
0
Calculate the remainder when 14934 is divided by 131.
0
What is the remainder when 3247 is divided by 323?
17
Calculate the remainder when 87562 is divided by 3243.
1
Calculate the remainder when 253460 is divided by 11.
9
Calculate the remainder when 9218 is divided by 104.
66
Calculate the remainder when 8076 is divided by 34.
18
Calculate the remainder when 26250 is divided by 1807.
952
Calculate the remainder when 29122 is divided by 25.
22
What is the remainder when 3911 is divided by 543?
110
Calculate the rem